{"id":1018,"date":"2025-01-29T15:51:25","date_gmt":"2025-01-29T15:51:25","guid":{"rendered":"https:\/\/butherspets.com\/?post_type=product&#038;p=1018"},"modified":"2025-01-29T16:08:00","modified_gmt":"2025-01-29T16:08:00","slug":"pelota-indestructible-en-etpu","status":"publish","type":"product","link":"https:\/\/butherspets.com\/index.php\/producto\/pelota-indestructible-en-etpu\/","title":{"rendered":"Pelota Indestructible en ETPU"},"content":{"rendered":"<p>Pelotas en ETPU mejoradas para masticadores agresivos, pelotas indestructibles duraderas y masticables.<\/p>\n<p>Juguetes para perros extra duraderos y seguros: hechos de goma ETPU de alta calidad, no t\u00f3xica, estos juguetes para perros est\u00e1n dise\u00f1ados para soportar incluso a los masticadores m\u00e1s agresivos. El material resistente garantiza que no se va a deformar, mientras que la superficie texturizada suave ayuda a limpiar los dientes de tu amigo peludo y masajear su lengua para mejorar la salud bucal, pelota muy f\u00e1cil d limpiar.<\/p>\n<p>Materiales seguros y ecol\u00f3gicos: nuestras pelotas est\u00e1n hechos de material de ETPU ecol\u00f3gico que no son t\u00f3xicos y seguros para que tu mascota los mastique. La construcci\u00f3n s\u00f3lida y anti-estallidos garantiza que no da\u00f1ar\u00e1n los dientes o la boca de tu perro. Sin embargo, recuerde supervisar a su perro mientras juega con los juguetes y retire y reemplace los juguetes da\u00f1ados para garantizar su seguridad.<\/p>\n<p>Perfecto para juegos interactivos: ya sea que est\u00e9s jugando en tu patio trasero, en la playa o incluso en el lago, estos juguetes interactivos son perfectos para un juego de b\u00fasqueda. Su dise\u00f1o ligero permite un f\u00e1cil lanzamiento, mientras que los colores brillantes hacen que sean f\u00e1ciles de detectar. Adem\u00e1s, flotan en el agua, lo que los hace ideales para jugar junto a la piscina, estimula m\u00e1s el deseo del perro de saltar y mejorar su capacidad atl\u00e9tica.<\/p>\n<p>Mejora el v\u00ednculo con tu amigo peludo: jugar juntos no solo proporciona ejercicio f\u00edsico, sino que tambi\u00e9n fortalece el v\u00ednculo entre t\u00fa y tu compa\u00f1ero peludo. Estos juguetes duraderos y atractivos para perros son perfectos para mejorar la conexi\u00f3n humano-animal mientras mantiene a tu cachorro entretenido y feliz. As\u00ed que sigue adelante y disfruta de un tiempo de juego de calidad con tu querida mascota<\/p>\n<p>El material ETPU es una material 100% recyclable, biodegradable y no toxico para las mascotas, este material es muy resistente e indestructible es el mismo material con el cual se fabrican las suelas de los tenis de running profesionales.<\/p>\n<p>Tama\u00f1os ETPU Ball S: 5.0 cm<br \/>\nTama\u00f1os ETPU Ball M: 6.4 cm<br \/>\nTama\u00f1os ETPU Ball L: 7.6 cm<\/p>\n<p>Tama\u00f1os ETPU Ball XL: 8.0 cm<\/p>\n","protected":false},"excerpt":{"rendered":"<p>Pelotas en ETPU mejoradas para masticadores agresivos, pelotas indestructibles duraderas y masticables. Juguetes para perros extra duraderos y seguros: hechos [&hellip;]<\/p>\n","protected":false},"featured_media":1024,"comment_status":"open","ping_status":"closed","template":"","meta":{"site-sidebar-layout":"default","site-content-layout":"","ast-site-content-layout":"default","site-content-style":"default","site-sidebar-style":"default","ast-global-header-display":"","ast-banner-title-visibility":"","ast-main-header-display":"","ast-hfb-above-header-display":"","ast-hfb-below-header-display":"","ast-hfb-mobile-header-display":"","site-post-title":"","ast-breadcrumbs-content":"","ast-featured-img":"","footer-sml-layout":"","ast-disable-related-posts":"","theme-transparent-header-meta":"default","adv-header-id-meta":"","stick-header-meta":"","header-above-stick-meta":"","header-main-stick-meta":"","header-below-stick-meta":"","astra-migrate-meta-layouts":"set","ast-page-background-enabled":"default","ast-page-background-meta":{"desktop":{"background-color":"var(--ast-global-color-4)","background-image":"","background-repeat":"repeat","background-position":"center center","background-size":"auto","background-attachment":"scroll","background-type":"","background-media":"","overlay-type":"","overlay-color":"","overlay-opacity":"","overlay-gradient":""},"tablet":{"background-color":"","background-image":"","background-repeat":"repeat","background-position":"center center","background-size":"auto","background-attachment":"scroll","background-type":"","background-media":"","overlay-type":"","overlay-color":"","overlay-opacity":"","overlay-gradient":""},"mobile":{"background-color":"","background-image":"","background-repeat":"repeat","background-position":"center center","background-size":"auto","background-attachment":"scroll","background-type":"","background-media":"","overlay-type":"","overlay-color":"","overlay-opacity":"","overlay-gradient":""}},"ast-content-background-meta":{"desktop":{"background-color":"var(--ast-global-color-5)","background-image":"","background-repeat":"repeat","background-position":"center center","background-size":"auto","background-attachment":"scroll","background-type":"","background-media":"","overlay-type":"","overlay-color":"","overlay-opacity":"","overlay-gradient":""},"tablet":{"background-color":"var(--ast-global-color-5)","background-image":"","background-repeat":"repeat","background-position":"center center","background-size":"auto","background-attachment":"scroll","background-type":"","background-media":"","overlay-type":"","overlay-color":"","overlay-opacity":"","overlay-gradient":""},"mobile":{"background-color":"var(--ast-global-color-5)","background-image":"","background-repeat":"repeat","background-position":"center center","background-size":"auto","background-attachment":"scroll","background-type":"","background-media":"","overlay-type":"","overlay-color":"","overlay-opacity":"","overlay-gradient":""}},"_joinchat":[]},"product_brand":[77],"product_cat":[22,36,30,21],"product_tag":[],"class_list":{"0":"post-1018","1":"product","2":"type-product","3":"status-publish","4":"has-post-thumbnail","6":"product_brand-bp","7":"product_cat-gato","8":"product_cat-juguetes-g","9":"product_cat-juguetes-p","10":"product_cat-perro","11":"desktop-align-left","12":"tablet-align-left","13":"mobile-align-left","15":"first","16":"instock","17":"taxable","18":"shipping-taxable","19":"purchasable","20":"product-type-variable"},"_links":{"self":[{"href":"https:\/\/butherspets.com\/index.php\/wp-json\/wp\/v2\/product\/1018","targetHints":{"allow":["GET"]}}],"collection":[{"href":"https:\/\/butherspets.com\/index.php\/wp-json\/wp\/v2\/product"}],"about":[{"href":"https:\/\/butherspets.com\/index.php\/wp-json\/wp\/v2\/types\/product"}],"replies":[{"embeddable":true,"href":"https:\/\/butherspets.com\/index.php\/wp-json\/wp\/v2\/comments?post=1018"}],"wp:featuredmedia":[{"embeddable":true,"href":"https:\/\/butherspets.com\/index.php\/wp-json\/wp\/v2\/media\/1024"}],"wp:attachment":[{"href":"https:\/\/butherspets.com\/index.php\/wp-json\/wp\/v2\/media?parent=1018"}],"wp:term":[{"taxonomy":"product_brand","embeddable":true,"href":"https:\/\/butherspets.com\/index.php\/wp-json\/wp\/v2\/product_brand?post=1018"},{"taxonomy":"product_cat","embeddable":true,"href":"https:\/\/butherspets.com\/index.php\/wp-json\/wp\/v2\/product_cat?post=1018"},{"taxonomy":"product_tag","embeddable":true,"href":"https:\/\/butherspets.com\/index.php\/wp-json\/wp\/v2\/product_tag?post=1018"}],"curies":[{"name":"wp","href":"https:\/\/api.w.org\/{rel}","templated":true}]}}