{"id":307,"date":"2024-09-11T16:49:24","date_gmt":"2024-09-11T16:49:24","guid":{"rendered":"https:\/\/butherspets.com\/?post_type=product&#038;p=307"},"modified":"2025-01-29T00:59:25","modified_gmt":"2025-01-29T00:59:25","slug":"cama-otto","status":"publish","type":"product","link":"https:\/\/butherspets.com\/index.php\/producto\/cama-otto\/","title":{"rendered":"Cama Otto Verde peque\u00f1a"},"content":{"rendered":"<p data-pm-slice=\"1 1 []\">Descripci\u00f3n:<\/p>\n<p>La cama para perro Otto ofrece un dise\u00f1o desarmable con velcro de ajuste y correa inferior para mayor estabilidad. Su material repelente a l\u00edquidos y colch\u00f3n extra\u00edble garantizan la comodidad y la higiene para tu mascota. Proporciona un espacio acogedor y confortable para que tu perro descanse c\u00f3modamente.<\/p>\n<p>-Colch\u00f3n removible<\/p>\n<p>-F\u00e1cil de limpiar<\/p>\n<p>-Cama desarmable<\/p>\n<p>Detalles:<\/p>\n<p>Color: Verde<\/p>\n<p>Categor\u00eda: Camas<\/p>\n<p>Capacidad: 34.75 Lt<\/p>\n<p>Dimensiones: Alto: 41 cm x Ancho: 52 cm x Produndo: 52 cm<\/p>\n<p>Material: Exterior: Poliester=100%, Relleno: Polietilvinil Acetato=100%,Exterior: Poliester=100%, Relleno: Polietilvinil Acetato=100%,<\/p>\n<p>Peso: 0.717 Kg<\/p>\n<p>Tama\u00f1o: Unico<\/p>\n","protected":false},"excerpt":{"rendered":"<p>Descripci\u00f3n: La cama para perro Otto ofrece un dise\u00f1o desarmable con velcro de ajuste y correa inferior para mayor estabilidad. [&hellip;]<\/p>\n","protected":false},"featured_media":309,"comment_status":"open","ping_status":"closed","template":"","meta":{"site-sidebar-layout":"default","site-content-layout":"","ast-site-content-layout":"default","site-content-style":"default","site-sidebar-style":"default","ast-global-header-display":"","ast-banner-title-visibility":"","ast-main-header-display":"","ast-hfb-above-header-display":"","ast-hfb-below-header-display":"","ast-hfb-mobile-header-display":"","site-post-title":"","ast-breadcrumbs-content":"","ast-featured-img":"","footer-sml-layout":"","ast-disable-related-posts":"","theme-transparent-header-meta":"default","adv-header-id-meta":"","stick-header-meta":"","header-above-stick-meta":"","header-main-stick-meta":"","header-below-stick-meta":"","astra-migrate-meta-layouts":"set","ast-page-background-enabled":"default","ast-page-background-meta":{"desktop":{"background-color":"var(--ast-global-color-4)","background-image":"","background-repeat":"repeat","background-position":"center center","background-size":"auto","background-attachment":"scroll","background-type":"","background-media":"","overlay-type":"","overlay-color":"","overlay-opacity":"","overlay-gradient":""},"tablet":{"background-color":"","background-image":"","background-repeat":"repeat","background-position":"center center","background-size":"auto","background-attachment":"scroll","background-type":"","background-media":"","overlay-type":"","overlay-color":"","overlay-opacity":"","overlay-gradient":""},"mobile":{"background-color":"","background-image":"","background-repeat":"repeat","background-position":"center center","background-size":"auto","background-attachment":"scroll","background-type":"","background-media":"","overlay-type":"","overlay-color":"","overlay-opacity":"","overlay-gradient":""}},"ast-content-background-meta":{"desktop":{"background-color":"var(--ast-global-color-5)","background-image":"","background-repeat":"repeat","background-position":"center center","background-size":"auto","background-attachment":"scroll","background-type":"","background-media":"","overlay-type":"","overlay-color":"","overlay-opacity":"","overlay-gradient":""},"tablet":{"background-color":"var(--ast-global-color-5)","background-image":"","background-repeat":"repeat","background-position":"center center","background-size":"auto","background-attachment":"scroll","background-type":"","background-media":"","overlay-type":"","overlay-color":"","overlay-opacity":"","overlay-gradient":""},"mobile":{"background-color":"var(--ast-global-color-5)","background-image":"","background-repeat":"repeat","background-position":"center center","background-size":"auto","background-attachment":"scroll","background-type":"","background-media":"","overlay-type":"","overlay-color":"","overlay-opacity":"","overlay-gradient":""}},"_joinchat":[]},"product_brand":[79],"product_cat":[35,28],"product_tag":[],"class_list":{"0":"post-307","1":"product","2":"type-product","3":"status-publish","4":"has-post-thumbnail","6":"product_brand-totto","7":"product_cat-para-dormir-g","8":"product_cat-para-dormir-p","9":"desktop-align-left","10":"tablet-align-left","11":"mobile-align-left","13":"first","14":"instock","15":"taxable","16":"shipping-taxable","17":"purchasable","18":"product-type-simple"},"_links":{"self":[{"href":"https:\/\/butherspets.com\/index.php\/wp-json\/wp\/v2\/product\/307","targetHints":{"allow":["GET"]}}],"collection":[{"href":"https:\/\/butherspets.com\/index.php\/wp-json\/wp\/v2\/product"}],"about":[{"href":"https:\/\/butherspets.com\/index.php\/wp-json\/wp\/v2\/types\/product"}],"replies":[{"embeddable":true,"href":"https:\/\/butherspets.com\/index.php\/wp-json\/wp\/v2\/comments?post=307"}],"wp:featuredmedia":[{"embeddable":true,"href":"https:\/\/butherspets.com\/index.php\/wp-json\/wp\/v2\/media\/309"}],"wp:attachment":[{"href":"https:\/\/butherspets.com\/index.php\/wp-json\/wp\/v2\/media?parent=307"}],"wp:term":[{"taxonomy":"product_brand","embeddable":true,"href":"https:\/\/butherspets.com\/index.php\/wp-json\/wp\/v2\/product_brand?post=307"},{"taxonomy":"product_cat","embeddable":true,"href":"https:\/\/butherspets.com\/index.php\/wp-json\/wp\/v2\/product_cat?post=307"},{"taxonomy":"product_tag","embeddable":true,"href":"https:\/\/butherspets.com\/index.php\/wp-json\/wp\/v2\/product_tag?post=307"}],"curies":[{"name":"wp","href":"https:\/\/api.w.org\/{rel}","templated":true}]}}