{"id":319,"date":"2024-09-11T16:58:04","date_gmt":"2024-09-11T16:58:04","guid":{"rendered":"https:\/\/butherspets.com\/?post_type=product&#038;p=319"},"modified":"2025-01-29T00:47:15","modified_gmt":"2025-01-29T00:47:15","slug":"collar-en-nylon","status":"publish","type":"product","link":"https:\/\/butherspets.com\/index.php\/producto\/collar-en-nylon\/","title":{"rendered":"Collar en Nylon"},"content":{"rendered":"<p data-pm-slice=\"1 1 []\"><strong>\u00a1Descubre el collar en Nylon , el accesorio perfecto para tu mascota!<\/strong><\/p>\n<p><strong>Calidad incomparable:<\/strong> Fabricado con materiales de alta calidad con dise\u00f1o reflectivo, este collar en Nylon garantiza durabilidad y resistencia para acompa\u00f1ar a tu mascota en todas sus aventuras,<\/p>\n<p><strong>Estilo y comodidad:<\/strong> Su dise\u00f1o moderno, acolchado y ajustable brinda a tu mascota un look \u00fanico y c\u00f3modo, evitando cualquier irritacion sobre la piel de tu mascota.<\/p>\n<p><strong>Seguridad ante todo:<\/strong> Equipado con cierre de seguridad, con doble anillo de traccion que distribuye la fuerza, fuerza bidireccional que lo hace mas resistente a la tension, previniendo ruptura de la hebilla y escapes repentinos.<\/p>\n<p><strong>Versatilidad:<\/strong> Ideal para paseos diarios, entrenamientos o simplemente para lucir elegante, este collar en Nylon se adapta a cualquier ocasi\u00f3n.<\/p>\n<p>\u00a1No esperes m\u00e1s para consentir a tu fiel amigo con este incre\u00edble collar en Nylon! \ud83d\udc3e\ud83c\udf1f<\/p>\n","protected":false},"excerpt":{"rendered":"<p>\u00a1Descubre el collar en Nylon , el accesorio perfecto para tu mascota! Calidad incomparable: Fabricado con materiales de alta calidad [&hellip;]<\/p>\n","protected":false},"featured_media":529,"comment_status":"open","ping_status":"closed","template":"","meta":{"site-sidebar-layout":"default","site-content-layout":"","ast-site-content-layout":"default","site-content-style":"default","site-sidebar-style":"default","ast-global-header-display":"","ast-banner-title-visibility":"","ast-main-header-display":"","ast-hfb-above-header-display":"","ast-hfb-below-header-display":"","ast-hfb-mobile-header-display":"","site-post-title":"","ast-breadcrumbs-content":"","ast-featured-img":"","footer-sml-layout":"","ast-disable-related-posts":"","theme-transparent-header-meta":"default","adv-header-id-meta":"","stick-header-meta":"","header-above-stick-meta":"","header-main-stick-meta":"","header-below-stick-meta":"","astra-migrate-meta-layouts":"set","ast-page-background-enabled":"default","ast-page-background-meta":{"desktop":{"background-color":"var(--ast-global-color-4)","background-image":"","background-repeat":"repeat","background-position":"center center","background-size":"auto","background-attachment":"scroll","background-type":"","background-media":"","overlay-type":"","overlay-color":"","overlay-opacity":"","overlay-gradient":""},"tablet":{"background-color":"","background-image":"","background-repeat":"repeat","background-position":"center center","background-size":"auto","background-attachment":"scroll","background-type":"","background-media":"","overlay-type":"","overlay-color":"","overlay-opacity":"","overlay-gradient":""},"mobile":{"background-color":"","background-image":"","background-repeat":"repeat","background-position":"center center","background-size":"auto","background-attachment":"scroll","background-type":"","background-media":"","overlay-type":"","overlay-color":"","overlay-opacity":"","overlay-gradient":""}},"ast-content-background-meta":{"desktop":{"background-color":"var(--ast-global-color-5)","background-image":"","background-repeat":"repeat","background-position":"center center","background-size":"auto","background-attachment":"scroll","background-type":"","background-media":"","overlay-type":"","overlay-color":"","overlay-opacity":"","overlay-gradient":""},"tablet":{"background-color":"var(--ast-global-color-5)","background-image":"","background-repeat":"repeat","background-position":"center center","background-size":"auto","background-attachment":"scroll","background-type":"","background-media":"","overlay-type":"","overlay-color":"","overlay-opacity":"","overlay-gradient":""},"mobile":{"background-color":"var(--ast-global-color-5)","background-image":"","background-repeat":"repeat","background-position":"center center","background-size":"auto","background-attachment":"scroll","background-type":"","background-media":"","overlay-type":"","overlay-color":"","overlay-opacity":"","overlay-gradient":""}},"_joinchat":[]},"product_brand":[77],"product_cat":[32,23],"product_tag":[],"class_list":{"0":"post-319","1":"product","2":"type-product","3":"status-publish","4":"has-post-thumbnail","6":"product_brand-bp","7":"product_cat-collares-g","8":"product_cat-collares-p","9":"desktop-align-left","10":"tablet-align-left","11":"mobile-align-left","13":"first","14":"instock","15":"taxable","16":"shipping-taxable","17":"purchasable","18":"product-type-variable"},"_links":{"self":[{"href":"https:\/\/butherspets.com\/index.php\/wp-json\/wp\/v2\/product\/319","targetHints":{"allow":["GET"]}}],"collection":[{"href":"https:\/\/butherspets.com\/index.php\/wp-json\/wp\/v2\/product"}],"about":[{"href":"https:\/\/butherspets.com\/index.php\/wp-json\/wp\/v2\/types\/product"}],"replies":[{"embeddable":true,"href":"https:\/\/butherspets.com\/index.php\/wp-json\/wp\/v2\/comments?post=319"}],"wp:featuredmedia":[{"embeddable":true,"href":"https:\/\/butherspets.com\/index.php\/wp-json\/wp\/v2\/media\/529"}],"wp:attachment":[{"href":"https:\/\/butherspets.com\/index.php\/wp-json\/wp\/v2\/media?parent=319"}],"wp:term":[{"taxonomy":"product_brand","embeddable":true,"href":"https:\/\/butherspets.com\/index.php\/wp-json\/wp\/v2\/product_brand?post=319"},{"taxonomy":"product_cat","embeddable":true,"href":"https:\/\/butherspets.com\/index.php\/wp-json\/wp\/v2\/product_cat?post=319"},{"taxonomy":"product_tag","embeddable":true,"href":"https:\/\/butherspets.com\/index.php\/wp-json\/wp\/v2\/product_tag?post=319"}],"curies":[{"name":"wp","href":"https:\/\/api.w.org\/{rel}","templated":true}]}}