{"id":355,"date":"2024-09-11T17:15:43","date_gmt":"2024-09-11T17:15:43","guid":{"rendered":"https:\/\/butherspets.com\/?post_type=product&#038;p=355"},"modified":"2025-01-29T00:46:42","modified_gmt":"2025-01-29T00:46:42","slug":"collar-tactico-1","status":"publish","type":"product","link":"https:\/\/butherspets.com\/index.php\/producto\/collar-tactico-1\/","title":{"rendered":"Collar T\u00e1ctico Nylon Resistente"},"content":{"rendered":"<p data-pm-slice=\"1 1 []\">Collar para mascotas de alta calidad y duradero.<\/p>\n<p>\u00b0 Material duradero de ALTA calidad: El collar t\u00e1ctico para perro est\u00e1 hecho en 100% de algod\u00f3n transpirable y Nylon de alta calidad que es duradero, no se da\u00f1a ni se deforma. La hebilla es de aleacion de zinc tambi\u00e9n de alta calidad y tampoco se deforma.<\/p>\n<p>\u00b0 Este collar es ideal para el entrenamiento de perros, patrulla, senderismo, trabajo, caminar, correr y cazar.<\/p>\n<p>\u00b0 El suave con forro acolchado no irrita ni provoca reacci\u00f3n al\u00e9rgica a tu perro.<\/p>\n<p>\u00b0 F\u00e1cil de ajustar.<\/p>\n<p>\u00b0 Para todo tipo de perros.<\/p>\n<p>\u00b0 El dise\u00f1o del mango: Mango de control con el que puedes agarrar a tu perro desde el collar.<\/p>\n<p>Referencia de selecci\u00f3n de tama\u00f1o:<\/p>\n<p>S: Collar largo para mascotas: 22-32 CM , Ancho :3.8CM.<\/p>\n<p>M:Collar largo para mascotas: 25-43 CM , Ancho :4.0CM.<\/p>\n<p>L:Collar largo para mascotas: 45-53 CM , Ancho :4.0CM.<\/p>\n<p>XL:Collar largo para mascotas: 54-66 CM , Ancho :4.0CM.<\/p>\n","protected":false},"excerpt":{"rendered":"<p>Collar para mascotas de alta calidad y duradero.<\/p>\n","protected":false},"featured_media":537,"comment_status":"open","ping_status":"closed","template":"","meta":{"site-sidebar-layout":"default","site-content-layout":"","ast-site-content-layout":"default","site-content-style":"default","site-sidebar-style":"default","ast-global-header-display":"","ast-banner-title-visibility":"","ast-main-header-display":"","ast-hfb-above-header-display":"","ast-hfb-below-header-display":"","ast-hfb-mobile-header-display":"","site-post-title":"","ast-breadcrumbs-content":"","ast-featured-img":"","footer-sml-layout":"","ast-disable-related-posts":"","theme-transparent-header-meta":"default","adv-header-id-meta":"","stick-header-meta":"","header-above-stick-meta":"","header-main-stick-meta":"","header-below-stick-meta":"","astra-migrate-meta-layouts":"set","ast-page-background-enabled":"default","ast-page-background-meta":{"desktop":{"background-color":"var(--ast-global-color-4)","background-image":"","background-repeat":"repeat","background-position":"center center","background-size":"auto","background-attachment":"scroll","background-type":"","background-media":"","overlay-type":"","overlay-color":"","overlay-opacity":"","overlay-gradient":""},"tablet":{"background-color":"","background-image":"","background-repeat":"repeat","background-position":"center center","background-size":"auto","background-attachment":"scroll","background-type":"","background-media":"","overlay-type":"","overlay-color":"","overlay-opacity":"","overlay-gradient":""},"mobile":{"background-color":"","background-image":"","background-repeat":"repeat","background-position":"center center","background-size":"auto","background-attachment":"scroll","background-type":"","background-media":"","overlay-type":"","overlay-color":"","overlay-opacity":"","overlay-gradient":""}},"ast-content-background-meta":{"desktop":{"background-color":"var(--ast-global-color-5)","background-image":"","background-repeat":"repeat","background-position":"center center","background-size":"auto","background-attachment":"scroll","background-type":"","background-media":"","overlay-type":"","overlay-color":"","overlay-opacity":"","overlay-gradient":""},"tablet":{"background-color":"var(--ast-global-color-5)","background-image":"","background-repeat":"repeat","background-position":"center center","background-size":"auto","background-attachment":"scroll","background-type":"","background-media":"","overlay-type":"","overlay-color":"","overlay-opacity":"","overlay-gradient":""},"mobile":{"background-color":"var(--ast-global-color-5)","background-image":"","background-repeat":"repeat","background-position":"center center","background-size":"auto","background-attachment":"scroll","background-type":"","background-media":"","overlay-type":"","overlay-color":"","overlay-opacity":"","overlay-gradient":""}},"_joinchat":[]},"product_brand":[77],"product_cat":[32,23],"product_tag":[],"class_list":{"0":"post-355","1":"product","2":"type-product","3":"status-publish","4":"has-post-thumbnail","6":"product_brand-bp","7":"product_cat-collares-g","8":"product_cat-collares-p","9":"desktop-align-left","10":"tablet-align-left","11":"mobile-align-left","13":"first","14":"instock","15":"taxable","16":"shipping-taxable","17":"purchasable","18":"product-type-variable"},"_links":{"self":[{"href":"https:\/\/butherspets.com\/index.php\/wp-json\/wp\/v2\/product\/355","targetHints":{"allow":["GET"]}}],"collection":[{"href":"https:\/\/butherspets.com\/index.php\/wp-json\/wp\/v2\/product"}],"about":[{"href":"https:\/\/butherspets.com\/index.php\/wp-json\/wp\/v2\/types\/product"}],"replies":[{"embeddable":true,"href":"https:\/\/butherspets.com\/index.php\/wp-json\/wp\/v2\/comments?post=355"}],"wp:featuredmedia":[{"embeddable":true,"href":"https:\/\/butherspets.com\/index.php\/wp-json\/wp\/v2\/media\/537"}],"wp:attachment":[{"href":"https:\/\/butherspets.com\/index.php\/wp-json\/wp\/v2\/media?parent=355"}],"wp:term":[{"taxonomy":"product_brand","embeddable":true,"href":"https:\/\/butherspets.com\/index.php\/wp-json\/wp\/v2\/product_brand?post=355"},{"taxonomy":"product_cat","embeddable":true,"href":"https:\/\/butherspets.com\/index.php\/wp-json\/wp\/v2\/product_cat?post=355"},{"taxonomy":"product_tag","embeddable":true,"href":"https:\/\/butherspets.com\/index.php\/wp-json\/wp\/v2\/product_tag?post=355"}],"curies":[{"name":"wp","href":"https:\/\/api.w.org\/{rel}","templated":true}]}}