{"id":373,"date":"2024-09-11T17:24:29","date_gmt":"2024-09-11T17:24:29","guid":{"rendered":"https:\/\/butherspets.com\/?post_type=product&#038;p=373"},"modified":"2025-01-29T00:46:22","modified_gmt":"2025-01-29T00:46:22","slug":"correa-elastica","status":"publish","type":"product","link":"https:\/\/butherspets.com\/index.php\/producto\/correa-elastica\/","title":{"rendered":"Correa Anti-Chock en Nylon Doble Manija"},"content":{"rendered":"<p data-pm-slice=\"1 1 []\">La Buther elastica: 100% garant\u00eda de satisfacci\u00f3n.<\/p>\n<p>Dise\u00f1o manos libres, Pr\u00e1ctica hebilla de liberaci\u00f3n r\u00e1pida y conexi\u00f3n de seguridad, correa el\u00e1stica para perro que reduce el riesgo de lesiones y aumenta la comodidad. Material reflectivo y resistente para paseos nocturnos m\u00e1s seguros.<\/p>\n<p>Para perros de hasta 55 kg. Longitud de la correa: 1 m (contraida) &#8211; 1.3 m (estirada).<\/p>\n<p>Correa resistente: nuestra correa de perro de longitud ajustable para todas las razas de perros medianas, grandes y peque\u00f1as. Muy resistente y f\u00e1cil de usar, c\u00f3modas asas de doble manija te dan una comodidad completa al caminar a tu perro.<\/p>\n<p>La secci\u00f3n el\u00e1stica requiere mucha tensi\u00f3n y reduce el tir\u00f3n de tu brazo. Tambi\u00e9n proporciona cierta resistencia al perro antes de la parada subita de la mayor\u00eda de las correas. El mango de la correa es bastante c\u00f3modo,<\/p>\n<p>El el\u00e1stico ayuda a absorber los golpes del movimiento r\u00e1pido cuando se utiliza con perros en\u00e9rgicos y activos, reduce la sensaci\u00f3n de ser tirado. La longitud ajustable le da a tus perros m\u00e1s espacio para las actividades.<\/p>\n","protected":false},"excerpt":{"rendered":"<p>Dise\u00f1o manos libres, Pr\u00e1ctica hebilla de liberaci\u00f3n r\u00e1pida y conexi\u00f3n de seguridad<\/p>\n","protected":false},"featured_media":742,"comment_status":"open","ping_status":"closed","template":"","meta":{"site-sidebar-layout":"default","site-content-layout":"","ast-site-content-layout":"default","site-content-style":"default","site-sidebar-style":"default","ast-global-header-display":"","ast-banner-title-visibility":"","ast-main-header-display":"","ast-hfb-above-header-display":"","ast-hfb-below-header-display":"","ast-hfb-mobile-header-display":"","site-post-title":"","ast-breadcrumbs-content":"","ast-featured-img":"","footer-sml-layout":"","ast-disable-related-posts":"","theme-transparent-header-meta":"default","adv-header-id-meta":"","stick-header-meta":"","header-above-stick-meta":"","header-main-stick-meta":"","header-below-stick-meta":"","astra-migrate-meta-layouts":"set","ast-page-background-enabled":"default","ast-page-background-meta":{"desktop":{"background-color":"var(--ast-global-color-4)","background-image":"","background-repeat":"repeat","background-position":"center center","background-size":"auto","background-attachment":"scroll","background-type":"","background-media":"","overlay-type":"","overlay-color":"","overlay-opacity":"","overlay-gradient":""},"tablet":{"background-color":"","background-image":"","background-repeat":"repeat","background-position":"center center","background-size":"auto","background-attachment":"scroll","background-type":"","background-media":"","overlay-type":"","overlay-color":"","overlay-opacity":"","overlay-gradient":""},"mobile":{"background-color":"","background-image":"","background-repeat":"repeat","background-position":"center center","background-size":"auto","background-attachment":"scroll","background-type":"","background-media":"","overlay-type":"","overlay-color":"","overlay-opacity":"","overlay-gradient":""}},"ast-content-background-meta":{"desktop":{"background-color":"var(--ast-global-color-5)","background-image":"","background-repeat":"repeat","background-position":"center center","background-size":"auto","background-attachment":"scroll","background-type":"","background-media":"","overlay-type":"","overlay-color":"","overlay-opacity":"","overlay-gradient":""},"tablet":{"background-color":"var(--ast-global-color-5)","background-image":"","background-repeat":"repeat","background-position":"center center","background-size":"auto","background-attachment":"scroll","background-type":"","background-media":"","overlay-type":"","overlay-color":"","overlay-opacity":"","overlay-gradient":""},"mobile":{"background-color":"var(--ast-global-color-5)","background-image":"","background-repeat":"repeat","background-position":"center center","background-size":"auto","background-attachment":"scroll","background-type":"","background-media":"","overlay-type":"","overlay-color":"","overlay-opacity":"","overlay-gradient":""}},"_joinchat":[]},"product_brand":[77],"product_cat":[33,26],"product_tag":[],"class_list":{"0":"post-373","1":"product","2":"type-product","3":"status-publish","4":"has-post-thumbnail","6":"product_brand-bp","7":"product_cat-correas-g","8":"product_cat-correas-p","9":"desktop-align-left","10":"tablet-align-left","11":"mobile-align-left","13":"first","14":"instock","15":"taxable","16":"shipping-taxable","17":"purchasable","18":"product-type-variable"},"_links":{"self":[{"href":"https:\/\/butherspets.com\/index.php\/wp-json\/wp\/v2\/product\/373","targetHints":{"allow":["GET"]}}],"collection":[{"href":"https:\/\/butherspets.com\/index.php\/wp-json\/wp\/v2\/product"}],"about":[{"href":"https:\/\/butherspets.com\/index.php\/wp-json\/wp\/v2\/types\/product"}],"replies":[{"embeddable":true,"href":"https:\/\/butherspets.com\/index.php\/wp-json\/wp\/v2\/comments?post=373"}],"wp:featuredmedia":[{"embeddable":true,"href":"https:\/\/butherspets.com\/index.php\/wp-json\/wp\/v2\/media\/742"}],"wp:attachment":[{"href":"https:\/\/butherspets.com\/index.php\/wp-json\/wp\/v2\/media?parent=373"}],"wp:term":[{"taxonomy":"product_brand","embeddable":true,"href":"https:\/\/butherspets.com\/index.php\/wp-json\/wp\/v2\/product_brand?post=373"},{"taxonomy":"product_cat","embeddable":true,"href":"https:\/\/butherspets.com\/index.php\/wp-json\/wp\/v2\/product_cat?post=373"},{"taxonomy":"product_tag","embeddable":true,"href":"https:\/\/butherspets.com\/index.php\/wp-json\/wp\/v2\/product_tag?post=373"}],"curies":[{"name":"wp","href":"https:\/\/api.w.org\/{rel}","templated":true}]}}